atest common factor of 3367 and 172753.
259
Calculate the greatest common divisor of 2574 and 702.
234
Calculate the highest common divisor of 11193 and 273.
273
What is the greatest common factor of 35 and 6895?
35
Calculate the highest common divisor of 13584 and 372.
12
What is the highest common factor of 536 and 53198?
134
What is the highest common factor of 1363796 and 2226?
742
Calculate the greatest common factor of 115417 and 5908.
211
What is the greatest common factor of 3445 and 255?
5
What is the greatest common divisor of 482 and 126766?
482
Calculate the highest common divisor of 21258 and 6.
6
Calculate the highest common factor of 1740 and 75.
15
Calculate the highest common divisor of 12 and 31506.
6
What is the highest common divisor of 25122 and 10176?
318
Calculate the greatest common divisor of 402 and 1670511.
201
What is the greatest common divisor of 669409 and 143?
13
Calculate the highest common divisor of 1 and 129865.
1
What is the greatest common factor of 112 and 238427?
7
What is the highest common factor of 30591 and 5049?
297
What is the greatest common factor of 345710 and 3077?
181
What is the greatest common divisor of 5076 and 1348947?
1269
What is the greatest common divisor of 4 and 39870?
2
Calculate the greatest common divisor of 4 and 2780.
4
Calculate the greatest common divisor of 734 and 212493.
367
Calculate the greatest common divisor of 88938 and 1952.
122
What is the highest common factor of 712185 and 4740?
1185
Calculate the highest common divisor of 9890 and 4232.
46
Calculate the greatest common factor of 260 and 9035.
65
What is the highest common divisor of 611232 and 240?
48
Calculate the greatest common divisor of 138 and 222042.
138
Calculate the highest common divisor of 546 and 1782.
6
What is the highest common factor of 141 and 5115997?
47
What is the highest common factor of 611 and 17578?
47
What is the greatest common factor of 108 and 71956?
4
Calculate the greatest common factor of 24 and 3817284.
12
Calculate the greatest common factor of 1584 and 32384.
176
Calculate the highest common factor of 672 and 27804.
84
What is the greatest common factor of 78848 and 336?
112
Calculate the highest common factor of 34107 and 3.
3
Calculate the greatest common divisor of 1182 and 7158.
6
Calculate the greatest common divisor of 133172 and 24428.
788
Calculate the greatest common factor of 415 and 336233.
83
Calculate the greatest common factor of 42608 and 656.
16
What is the greatest common factor of 102 and 160242?
102
What is the highest common divisor of 570 and 169005?
285
Calculate the highest common factor of 40 and 150660.
20
What is the highest common divisor of 143406 and 558?
558
Calculate the highest common divisor of 15650 and 316443.
313
Calculate the highest common divisor of 8 and 5787272.
8
Calculate the highest common factor of 3212 and 12556.
292
What is the highest common divisor of 254228 and 13?
13
What is the highest common factor of 352 and 10428?
44
What is the greatest common factor of 16 and 98216?
8
What is the highest common factor of 144651 and 195?
39
Calculate the greatest common divisor of 27563 and 43.
43
Calculate the greatest common divisor of 160 and 2254880.
160
What is the highest common factor of 820 and 10789970?
410
Calculate the highest common factor of 44247 and 686.
343
What is the greatest common factor of 24672 and 12768?
96
Calculate the highest common factor of 246 and 9012.
6
What is the greatest common factor of 468 and 256320?
36
Calculate the highest common factor of 38600 and 1737.
193
What is the greatest common factor of 152752 and 64?
16
Calculate the greatest common divisor of 15729 and 23968.
749
Calculate the greatest common factor of 567 and 2835.
567
Calculate the highest common factor of 1581 and 200685.
51
Calculate the greatest common factor of 825540 and 60.
60
What is the highest common divisor of 27979 and 1225?
49
Calculate the highest common divisor of 16 and 1115552.
16
What is the greatest common divisor of 229 and 96409?
229
Calculate the highest common divisor of 432672 and 4.
4
Calculate the greatest common factor of 1550 and 4805.
155
Calculate the greatest common factor of 2637 and 3672.
9
What is the highest common divisor of 270090 and 540?
90
Calculate the highest common divisor of 188 and 49632.
188
What is the greatest common factor of 61799 and 116?
29
Calculate the highest common factor of 4830 and 486.
6
What is the highest common divisor of 75 and 3200?
25
What is the greatest common factor of 168728 and 7728?
1288
What is the greatest common factor of 140090 and 10?
10
What is the greatest common factor of 955492 and 145?
29
Calculate the highest common divisor of 488 and 188124.
244
Calculate the highest common factor of 37856 and 20664.
56
What is the greatest common factor of 46560 and 95060?
1940
Calculate the highest common factor of 632086 and 23.
23
What is the highest common factor of 21 and 384503?
7
Calculate the highest common divisor of 1344 and 6636.
84
What is the highest common divisor of 5016095 and 5054?
2527
Calculate the greatest common factor of 15340 and 416.
52
Calculate the greatest common divisor of 11 and 277046.
11
What is the greatest common factor of 1120 and 17848320?
1120
What is the greatest common divisor of 48 and 9978?
6
Calculate the greatest common divisor of 1899454 and 194.
194
Calculate the greatest common divisor of 231 and 1353.
33
Calculate the highest common factor of 44 and 8516.
4
Calculate the highest common divisor of 16318 and 796.
398
Calculate the highest common factor of 154811 and 149.
149
Calculate the highest common divisor of 16317 and 1176.
147
Calculate the greatest common factor of 5 and 57415.
5
What is the highest common factor of 2121 and 343?
7
What is the highest common divisor of 269250 and 750?
750
What is the highest common divisor of 902 and 106887?
451
Calculate the greatest common factor of 10985 and 36790.
65
Calculate the greatest common factor of 53 and 36676.
53
What is the greatest common factor of 7384 and 426?
142
What is the greatest common factor of 83796 and 24?
12
What is the greatest common factor of 12169 and 27219?
43
Calculate the highest common factor of 647483 and 2152.
269
Calculate the greatest common factor of 34856 and 264.
8
Calculate the highest common divisor of 32 and 32624.
16
What is the highest common divisor of 122 and 1341146?
122
What is the highest common divisor of 67881 and 102?
51
What is the highest common factor of 165 and 92477?
11
Calculate the greatest common factor of 189685 and 3835.
295
What is the highest common factor of 1156284 and 36?
36
What is the greatest common factor of 130 and 283050?
10
What is the highest common factor of 64584 and 30222?
414
Calculate the highest common divisor of 73836 and 1896.
12
What is the greatest common divisor of 93183 and 1335?
267
What is the greatest common divisor of 300734 and 28?
14
What is the highest common divisor of 30704 and 1520?
304
Calculate the greatest common factor of 48 and 625272.
24
What is the greatest common divisor of 224 and 1414?
14
What is the highest common divisor of 2926 and 15400?
154
What is the highest common divisor of 696 and 102138?
174
What is the greatest common factor of 510 and 41616?
102
What is the greatest common divisor of 3416 and 112?
56
Calculate the highest common divisor of 58383 and 13.
13
Calculate the highest common divisor of 57 and 9196.
19
What is the highest common factor of 118 and 26?
2
What is the highest common factor of 348 and 726276?
348
Calculate the greatest common divisor of 31784 and 36.
4
Calculate the highest common factor of 8 and 196124.
4
Calculate the greatest common factor of 96030 and 41580.
990
What is the highest common divisor of 688 and 215?
43
Calculate the highest common factor of 61628 and 378.
14
What is the highest common factor of 28 and 528444?
28
What is the greatest common divisor of 6373 and 1?
1
What is the greatest common factor of 350 and 506380?
70
What is the highest common factor of 6 and 90717?
3
What is the highest common divisor of 58103 and 291?
97
Calculate the greatest common factor of 7058771 and 113.
113
Calculate the highest common factor of 89